ple of 31?
False
Is 8 a factor of 1157?
False
Is 115 a factor of 66700?
True
Does 103 divide 4223?
True
Is 12 a factor of 15507?
False
Is 4 a factor of 4527?
False
Is 16240 a multiple of 56?
True
Does 2 divide 4256?
True
Does 7 divide 137?
False
Does 5 divide 375?
True
Is 13 a factor of 409?
False
Is 87480 a multiple of 24?
True
Is 5 a factor of 266?
False
Is 1814 a multiple of 96?
False
Does 79 divide 9168?
False
Is 95875 a multiple of 325?
True
Does 33 divide 6332?
False
Is 8728 a multiple of 33?
False
Is 2364 a multiple of 12?
True
Does 6 divide 3054?
True
Is 32994 a multiple of 141?
True
Is 5608 a multiple of 54?
False
Is 22 a factor of 1166?
True
Is 19133 a multiple of 70?
False
Is 4 a factor of 449?
False
Is 33 a factor of 5801?
False
Does 106 divide 11201?
False
Is 2543 a multiple of 28?
False
Is 239 a factor of 94835?
False
Does 31 divide 13454?
True
Is 315 a factor of 63945?
True
Is 285 a multiple of 3?
True
Is 10687 a multiple of 7?
False
Is 8042 a multiple of 11?
False
Is 13 a factor of 3714?
False
Is 8 a factor of 57736?
True
Does 3 divide 486?
True
Is 42 a factor of 3654?
True
Is 1059 a multiple of 51?
False
Is 2916 a multiple of 5?
False
Does 16 divide 272?
True
Is 30 a multiple of 15?
True
Is 62784 a multiple of 48?
True
Is 4972 a multiple of 128?
False
Is 34888 a multiple of 79?
False
Is 40843 a multiple of 11?
True
Is 4 a factor of 5304?
True
Does 72 divide 792?
True
Does 18 divide 756?
True
Is 2583 a multiple of 19?
False
Does 25 divide 650?
True
Does 11 divide 7124?
False
Is 59094 a multiple of 134?
True
Is 10 a factor of 140?
True
Is 7686 a multiple of 10?
False
Is 9678 a multiple of 12?
False
Is 180669 a multiple of 28?
False
Is 28 a multiple of 11?
False
Is 2501 a multiple of 5?
False
Is 30567 a multiple of 13?
False
Is 21 a factor of 6966?
False
Is 5482 a multiple of 104?
False
Does 51 divide 1579?
False
Is 1302 a multiple of 43?
False
Is 9648 a multiple of 201?
True
Is 10579 a multiple of 6?
False
Does 5 divide 201?
False
Is 936 a multiple of 6?
True
Does 93 divide 1302?
True
Is 52 a factor of 6923?
False
Is 134 a factor of 6700?
True
Does 191 divide 6685?
True
Is 20 a multiple of 3?
False
Is 232 a multiple of 10?
False
Is 4676 a multiple of 4?
True
Is 32 a factor of 2016?
True
Is 5 a factor of 1361?
False
Is 456 a multiple of 19?
True
Does 20 divide 4520?
True
Does 12 divide 312?
True
Is 38 a factor of 38?
True
Is 35 a factor of 3524?
False
Is 66447 a multiple of 69?
True
Does 32 divide 79980?
False
Is 1408 a multiple of 88?
True
Is 3209 a multiple of 292?
False
Is 576 a multiple of 25?
False
Does 15 divide 5415?
True
Is 328 a multiple of 41?
True
Is 183 a factor of 6106?
False
Is 77321 a multiple of 106?
False
Is 1791 even?
False
Does 11 divide 6216?
False
Is 5 a factor of 45?
True
Does 12 divide 636?
True
Is 6240 a multiple of 240?
True
Is 6 a factor of 360?
True
Is 1038 a multiple of 13?
False
Does 10 divide 470?
True
Does 36 divide 2160?
True
Does 5 divide 511?
False
Is 1043 a multiple of 7?
True
Does 8 divide 352?
True
Is 35 a factor of 1012?
False
Is 14 a factor of 16030?
True
Is 176 a factor of 61952?
True
Is 11960 a multiple of 130?
True
Is 17 a factor of 50167?
True
Is 13498 a multiple of 17?
True
Does 30 divide 1986?
False
Does 27 divide 1998?
True
Is 166 a multiple of 6?
False
Is 193 a factor of 7334?
True
Is 7653 a multiple of 30?
False
Is 6027 a multiple of 147?
True
Is 203 a factor of 2476?
False
Does 11 divide 44?
True
Does 42 divide 9576?
True
Is 35 a factor of 120470?
True
Is 2095 a multiple of 44?
False
Is 6757 a multiple of 29?
True
Is 7 a factor of 2353?
False
Does 5 divide 9290?
True
Is 16 a factor of 352?
True
Is 17317 a multiple of 16?
False
Does 26 divide 1456?
True
Is 213 a factor of 107661?
False
Does 39 divide 81988?
False
Is 45 a factor of 10350?
True
Is 928 a multiple of 29?
True
Is 23114 a multiple of 14?
True
Is 351 a multiple of 3?
True
Is 756 a multiple of 28?
True
Is 13 a factor of 2068?
False
Is 2140 a multiple of 4?
True
Does 71 divide 3976?
True
Is 1311 a multiple of 4?
False
Is 30 a factor of 1530?
True
Is 85 a factor of 3740?
True
Is 3 a factor of 13307?
False
Is 20 a factor of 4240?
True
Does 3 divide 238?
False
Is 99 a factor of 21086?
False
Is 117 a multiple of 9?
True
Is 152 a multiple of 8?
True
Does 75 divide 38614?
False
Is 6773 a multiple of 21?
False
Does 20 divide 8754?
False
Is 11550 a multiple of 210?
True
Is 25 a factor of 1625?
True
Is 6983 a multiple of 21?
False
Is 4200 a multiple of 7?
True
Is 966 a multiple of 42?
True
Does 3 divide 216?
True
Is 56 a multiple of 8?
True
Is 4 a factor of 892?
True
Is 1408 a multiple of 4?
True
Is 4114 a multiple of 121?
True
Is 9 a factor of 153?
True
Does 18 divide 1062?
True
Does 23 divide 2208?
True
Is 3890 a multiple of 20?
False
Does 4 divide 4984?
True
Is 8954 a multiple of 37?
True
Is 733 a multiple of 94?
False
Is 5736 a multiple of 8?
True
Does 4 divide 743?
False
Does 23 divide 2507?
True
Is 183 a multiple of 83?
False
Does 23 divide 828?
True
Is 18 a factor of 760?
False
Does 110 divide 14125?
False
Does 8 divide 368?
True
Is 116 a factor of 8004?
True
Does 48 divide 66192?
True
Is 1073 a multiple of 29?
True
Is 28 a factor of 2358?
False
Does 15 divide 1080?
True
Is 28 a factor of 420?
True
Is 74 a factor of 382?
False
Is 23 a factor of 9039?
True
Is 2593 a multiple of 10?
False
Is 11 a factor of 4380?
False
Is 39549 a multiple of 135?
False
Is 2322 a multiple of 26?
False
Does 19 divide 475?
True
Does 13 divide 221?
True
Is 6076 a multiple of 81?
False
Does 65 divide 4550?
True
Is 16848 even?
True
Does 105 divide 840?
True
Is 1518 a multiple of 36?
False
Does 27 divide 22734?
True
Is 160 a factor of 25760?
True
Is 6918 a multiple of 61?
False
Does 63 divide 3717?
True
Does 10 divide 1009?
False
Is 5561 a multiple of 99?
False
Is 45373 a multiple of 157?
True
Does 25 divide 874?
False
Is 6594 a multiple of 47?
False
Does 72 divide 2952?
True
Is 353 a multiple of 3?
False
Is 18 a factor of 12204?
True
Is 16 a factor of 256?
True
Is 639 a multiple of 9?
True
Is 41 a factor of 471?
False
Is 22 a factor of 6831?
False
Does 6 divide 803?
False
Is 13776 a multiple of 21?
True
Is 21 a factor of 16915?
False
Is 7 a factor of 1400?
True
Does 56 divide 68488?
True
Is 20 a factor of 6900?
True
Does 41 divide 2747?
True
Is 13094 a multiple of 148?
False
Is 7 a factor of 1694?
True
Is 440 a multiple of 20?
True
Is 14 a factor of 2660?
True
Does 7 divide 26145?
True
Does 14 divide 3472?
True
Does 40 divide 64311?
False
Is 135 a factor of 52515?
True
Is 7 a factor of 1316?
True
Does 117 divide 4482?
False
Is 65 a factor of 64683?
False
Does 206 divide 9064?
True
Is 125 a factor of 3375?
True
Does 15 divide 3465?
True
Is 2112 a multiple of 22?
True
Is 38717 a multiple of 17?
False
Is 348 a multiple of 25?
False
Does 50 divide 9400?
True
Is 15 a factor of 12685?
False
Is 265 a multiple of 2?
False
Is 14 a factor of 6650?
True
Is 7 a factor of 8750?
True
Is 178 a multiple of 24?
False
Is 2491 a multiple of 53?
True
Is 27802 a multiple of 142?
False
Is 902 a multiple of 22?
True
Does 26 divide 78?
True
Is 31 a factor of 2682?
False
Does 17 divide 72488?
True
Is 63 a factor of 445?
False
Is 182 a factor of 51470?
False
Is 113 a factor of 3179?
False
Is 3072 a multiple of 4?
True
Is 13780 a multiple of 4?
True
Does 20 divide 1189?
False
Does 38 divide 965?
False
Is 44634 a multiple of 43?
True
Is 12 a factor of 28633?
False
Is 28515 a multiple of 15?
True
Is 4916 a multiple of 4?
True
Is 122 a factor of 37548?
False
Is 2 a factor of 116?
True
Is 18586 a multiple of 8?
False
Is 14 a factor of 1596?
True
Is 26111 a multiple of 80?
False
Is 1576 a multiple of 26?
False
Is 2520 a multiple of 42?
True
Does 5 divide 115?
True
Does 18 divide 33426?
True
Is 87 a factor of 25665?
True
Does 9 divide 1004?
False
Is 1615 a multiple of 5?
True
Does 61 divide 5992?
False
Does 132 divide 28512?
True
Is 81 a factor of 3656?
False
Is 596 a multiple of 17?
False
Is 10 a factor of 778?
False
Does 19 divide 48053?
False
Is 34 a factor of 24990?
True
Is 36 a factor of 836?
False
Is 6417 a multiple of 93?
True
Does 40 divide 1218?
False
Is 2 a factor of 333?
False
Is 33 a factor of 264?
True
Does 258 divide 30444?
True
Is 7827 a multiple of 30?
False
Is 39